0*n + n, -5*n - 9 = 3*m. What are the prime factors of k/(-6) - m/(-4)?
3
Let n(i) = -i**3 + 4*i**2 + 3. Let f be n(4). Suppose 2*k - 4*k = -100. Suppose 3 - 15 = -3*t, -4*t - k = -f*a. List the prime factors of a.
2, 11
Suppose -23 = 5*u + 7. What are the prime factors of 6*((-38)/u - 3)?
2, 5
Let w = 1 + 0. Suppose 3*i - 64 = h, -4*h - w = 3. What are the prime factors of i?
3, 7
Let n be (8/(-6))/(6/9). Let q be n/8 + 17/4. Suppose q*g = 7*g - 21. List the prime factors of g.
7
Let b(s) = s. Let p(j) = 2*j - 4. Let l(t) = 2*b(t) + p(t). Let d = 13 + -9. What are the prime factors of l(d)?
2, 3
Let c = 4 - 5. Let m = -1 - c. Suppose -4*o + 46 + 2 = m. What are the prime factors of o?
2, 3
Let g(o) be the first derivative of o**4/4 + 5*o**3/3 - 2*o**2 + 2*o + 1. What are the prime factors of g(-5)?
2, 11
Let n = -60 - -105. List the prime factors of n.
3, 5
Suppose -12 = -4*b - 0. Let w = 8 - 12. What are the prime factors of w/b*-4*3?
2
Let a(p) be the third derivative of -p**4/24 - 3*p**2. Let j(m) = m**2 - 4*m + 7. Let r(v) = -6*a(v) - j(v). List the prime factors of r(8).
3
Let o = 13 + -9. Suppose j = -3*n + 8, 0 = -o*n - n - j + 14. List the prime factors of n.
3
Let v = 5 - 1. Let m(u) be the second derivative of -u**5/20 + 5*u**4/12 - u**3/2 - 2*u. List the prime factors of m(v).
2
Suppose 2*m = -2*m - 5*w + 393, -m - 5*w = -102. What are the prime factors of m?
97
Let d be 42/10 - (-2)/(-10). Let s(y) = -2*y - 6 + 3*y + 2*y + 0*y. List the prime factors of s(d).
2, 3
Suppose q - 5*a + 4 - 22 = 0, -4*a = 3*q + 41. Let j(p) = -p**2 - 8*p + 8. What are the prime factors of j(q)?
3, 5
Let s(x) = -3*x**2 + 4*x - 10. Let a(j) = 4*j**2 - 4*j + 11. Let v(y) = 4*a(y) + 5*s(y). Let l(f) = -3*f. Let p be l(2). List the prime factors of v(p).
2, 3
Suppose 82*g = 87*g - 1160. What are the prime factors of g?
2, 29
Suppose a = -2, 2*d + 2 = -2*a - a. Suppose z = -z + d. List the prime factors of ((-6)/(-18))/(z/12).
2
Suppose 74 = 3*d + 20. What are the prime factors of d?
2, 3
Let r = 4 + -2. Suppose -82 = -4*s + 3*a, 0 = -4*s + a - 6*a + 98. Suppose s = -0*w + r*w. What are the prime factors of w?
11
List the prime factors of 4/10 + (-2154)/(-15).
2, 3
Suppose 4*v - 3*v = 118. List the prime factors of v.
2, 59
Let o be 12/(3 + -1) - 2. Suppose -o*d + 17 + 3 = 0. Suppose 8*a = d*a + 18. List the prime factors of a.
2, 3
Suppose 2*s = 6*s + 4. What are the prime factors of s/(0 + (-1)/31)?
31
Let j(t) = -51*t + 12. List the prime factors of j(-3).
3, 5, 11
Let f = -82 - -139. What are the prime factors of f?
3, 19
Suppose 5*b = -2*c - 3*c + 555, 5*b = -2*c + 552. What are the prime factors of b?
2, 5, 11
Let v = -1 + 13. Let r = 0 + 6. Let l = v - r. What are the prime factors of l?
2, 3
Suppose 4*w = 16, 15 = -3*n + 2*w + w. Let p(v) = -5*v**2 - 1. Let h be p(n). Let l = h - -17. List the prime factors of l.
11
Let m be (0/2 - -1) + 57. Suppose 3*a = a + m. Let c = a + -18. What are the prime factors of c?
11
List the prime factors of (23 - 3) + (-4 - 0).
2
Let g = -102 - -131. What are the prime factors of g?
29
Let t(b) = -b**2 + 4*b**2 - 4*b**2 + 2 + 7*b. Let f be t(7). Suppose f*k - 21 = -k. List the prime factors of k.
7
Let n(t) = t**3 - 10*t**2 - 9*t - 3. List the prime factors of n(11).
19
What are the prime factors of (-97)/3*4*18/(-24)?
97
Let b be 24/18*9/(-2). Let l = 22 + b. List the prime factors of l.
2
Suppose -p + 3*u + 0 = -17, -p - u = 3. Suppose p + 11 = v. What are the prime factors of v?
13
Suppose 2*b - 5*l = -0*l + 35, 4*b = -5*l + 85. Suppose 3*q - 53 = 3*i - b, 0 = -q - 3*i + 7. List the prime factors of q.
2, 5
List the prime factors of (3/(-3))/((-5)/120).
2, 3
Let w(n) = n**2 + n + 21. What are the prime factors of w(15)?
3, 29
Suppose -3 = -5*c + 3*u, -c + 16 - 5 = 2*u. Suppose 4*j - c + 11 = 0. List the prime factors of j/(0 - (-3)/(-12)).
2
Let f = -4 - 2. Let h = f + 13. List the prime factors of h/3 + 2/(-6).
2
Let q = -9 + 5. Let v be q/8*24/(-2). Suppose 2*l - 42 = -4*g, 3*g + 14 = v*g - 2*l. What are the prime factors of g?
2
What are the prime factors of 175/50*(-1264)/(-14)?
2, 79
Suppose 248 = 5*y + 3*w, -5*w + 56 - 24 = y. What are the prime factors of y?
2, 13
Let n be 3/(4 - (0 - -3)). Suppose 12 = n*o - 12. List the prime factors of o.
2
Suppose -6*z = -7*z - 220. List the prime factors of z/(-12) - (-1)/(-3).
2, 3
What are the prime factors of 38/(-6)*(3 + 24)/(-3)?
3, 19
Suppose 2*w = 16 + 10. Let i = -2 - -3. Suppose w = g - i. What are the prime factors of g?
2, 7
Let p(g) = -g**3 + 14*g**2 - 14*g + 16. List the prime factors of p(13).
3
Let p = 304 - 173. Let q = -59 + p. Suppose q = 3*d + d. List the prime factors of d.
2, 3
Let j(w) = 3 - 10*w + 2*w + w. What are the prime factors of j(-4)?
31
Let y(t) = 29*t**2 - t - 1. Let f be y(-1). Let p = 50 - f. List the prime factors of p.
3, 7
Let u = -17 - -22. What are the prime factors of u?
5
Suppose -m - 5*v + 258 = 0, m = -2*m - 4*v + 829. List the prime factors of m.
283
Suppose 0*a - 5*a + 45 = 3*j, j = -a + 11. Suppose r - a = -r. Suppose -3*o + 45 = -0*o - 3*q, -r*o + 10 = 4*q. What are the prime factors of o?
2, 5
Let v(o) = -14*o**3 + 2*o**2 + 2*o + 1. Let k be -3 + -2*(0 - 1). List the prime factors of v(k).
3, 5
Let l be 0/(2*(-1)/1). Let o(c) = l*c + 3*c - 4*c - 6 + 3 - 6*c**2 - c**3. List the prime factors of o(-6).
3
Let l = -4 + 4. Suppose -5*a + 27 + 3 = l. What are the prime factors of a?
2, 3
Let d = -243 - -379. What are the prime factors of d?
2, 17
Suppose 9*l + 294 = 12*l. List the prime factors of l.
2, 7
Suppose 12 = 3*o - 0*o. Suppose p = -3*p + 8. What are the prime factors of p/o*(15 - 1)?
7
Let i(l) = 2*l**2 - 16*l - 4. List the prime factors of i(9).
2, 7
Suppose 2*w + 9 = -w, 0 = -5*b - 5*w - 30. Let c(n) = -3*n**3 - 3*n**2 - 1. List the prime factors of c(b).
53
Suppose 0 = -0*s - s + 3. Suppose -m = -b, -s*b - m + 3 - 19 = 0. What are the prime factors of (b/6)/(6/(-63))?
7
Let q = -47 + 68. What are the prime factors of q?
3, 7
Suppose -35 = -4*l + 5. Suppose 10*o - 5*o + l = 0. What are the prime factors of (-4)/(-1) - o/(-2)?
3
Let s = -155 + 288. What are the prime factors of s?
7, 19
Let p = 4 + -16. Let r = p + 24. Suppose -4*w + r = -48. What are the prime factors of w?
3, 5
Let y(g) = -g**3 + g**2 - 2*g - 3. Let v(d) = d**3 - 2*d**2 + 3*d + 2. Let r(l) = -6*v(l) - 5*y(l). List the prime factors of r(5).
13
Let j = -3 - 1. Let i = j - 0. Let w = i - -6. What are the prime factors of w?
2
Let r(b) = -b - 1. Let a be r(-3). Let g(t) = -t + t - a*t**2 + t**2 + 11*t. What are the prime factors of g(10)?
2, 5
Let r(b) be the second derivative of -5*b**3/3 + 3*b. List the prime factors of r(-2).
2, 5
Let y(s) = -s**3 + 8*s**2 + s. Let m be y(8). Let h = m - 5. Suppose 3*d = -i + 12, 4*d - 31 = -h*i - 0*i. What are the prime factors of i?
3
Let z = 172 - 63. List the prime factors of z.
109
What are the prime factors of 1*30*1/3?
2, 5
Let u be (-1 + 0)/(4/8). Let b = 9 + u. What are the prime factors of b?
7
Let y(f) = 1 + 7 - 2*f + 2*f - f. Let q be 3 + 2 + -4 + -1. What are the prime factors of y(q)?
2
Suppose 0 = -3*y - 5 + 2. Suppose 2 = -3*c + 5. What are the prime factors of y/2*(-5 + c)?
2
List the prime factors of (36/(-10))/6 + 489/15.
2
Let q(o) = -o**2 - 19*o - 3. What are the prime factors of q(-15)?
3, 19
Suppose -2*k + u = -74, -k - 4*u = -0*u - 37. Suppose h + 4*h - 4*c = k, h = -4*c - 7. List the prime factors of h.
5
Suppose 2 = 2*f - 6, -4*d = -f + 4. Suppose -h - 2*u = d, 10 = -0*u - 2*u. What are the prime factors of h?
2, 5
Let h be (0/(1*-2))/(-2). List the prime factors of h - 8/(1/(-1)).
2
Let q(y) = -12*y - 4. Let f be q(-3). Suppose -2*c - f = -6*c. What are the prime factors of c?
2
Suppose 5*n + 288 = 4*t, -61 = -t - n + 2. List the prime factors of t.
67
Let b be (2 - -3)*4/(-10). Let t = b + 11. What are the prime factors of t?
3
Let p = 2 + 1. Suppose -19 = -p*r + 107. Suppose 5*f - r = -4*j, -6*j - 40 = -3*f - j. What are the prime factors of f?
2, 5
Suppose 3*i = -i. Suppose 5*s - 5*q = 0, 2*s - 4*q = 5*s. Suppose i = l - s*l - 6. What are the prime factors of l?
2, 3
Let m(a) = -5*a - 7. List the prime factors of m(-3).
2
Let a = 186 + -89. What are the prime factors of a?
97
Let 